926
Let j(a) = -116*a + 1521. Give j(10).
361
Let p(o) = -o**3 - 150*o**2 - 94*o - 14115. Give p(-150).
-15
Let r(x) = x**3 - 46*x**2 + 99*x + 975. Give r(43).
-315
Let z(p) = -726*p - 67548. Calculate z(-93).
-30
Let x(n) = -2717*n + 67823. Determine x(25).
-102
Let b(z) = 11*z**2 + 538*z + 3905. What is b(-40)?
-15
Let n(h) = -65*h**2 - 39*h + 17. Calculate n(-4).
-867
Let m(x) = 1039569*x + 7276885. Calculate m(-7).
-98
Let n(m) = -m**3 + 21*m**2 + 276*m - 152. Calculate n(30).
28
Let p(o) = o**2 + 2631*o - 74485. Give p(28).
-33
Let j(x) = 47655*x - 1715571. Calculate j(36).
9
Let k(z) = -z**3 + 1099*z**2 - 2951*z - 369357. Calculate k(1096).
-5
Let t(z) = -527*z + 2381. Give t(5).
-254
Let x(l) = 1014*l**2 + 3519*l + 12. What is x(-4)?
2160
Let p(v) = 172*v + 34833. Calculate p(-205).
-427
Let m(v) = -1819*v - 38972. Give m(-21).
-773
Let t(w) = -156*w**3 + 4*w**2 - 217*w - 221. What is t(-1)?
156
Let r(v) = -v**2 + 154*v + 6755. Calculate r(190).
-85
Let r(x) = -x**3 - x**2 - 169*x + 489. Calculate r(3).
-54
Let o(k) = k**3 - 4*k**2 + 163*k - 1857. Determine o(10).
373
Let a(f) = -f**3 - 1603*f**2 + 3209*f - 5. Determine a(2).
-7
Let l(m) = 4355*m - 570577. Calculate l(131).
-72
Let t(r) = 36*r**2 - 602*r - 5. Calculate t(13).
-1747
Let p(w) = 55*w**2 + 1057*w - 712. Give p(-20).
148
Let d(x) = -4686*x + 103093. Give d(22).
1
Let k(v) = -2*v**3 - 393*v**2 - 1357*v - 1159. What is k(-193)?
-1
Let v(i) = 245*i**3 - 1227*i**2 - 4*i + 11. Calculate v(5).
-59
Let n(m) = -m**3 - 507*m**2 + 4484*m - 82552. What is n(-516)?
8
Let m(w) = -58*w**3 + 929*w**2 - 167*w + 14. Calculate m(16).
-2402
Let o(t) = 8*t**2 - 1094*t + 3163. Determine o(3).
-47
Let c(o) = 1985*o + 5602. Calculate c(0).
5602
Let f(y) = -6*y**2 - 114*y - 1782. Determine f(-14).
-1362
Let i(m) = -430*m - 7980. Determine i(-8).
-4540
Let x(r) = -197*r**2 - 537*r + 169. Calculate x(-3).
7
Let b(g) = -g**2 + 1032*g + 41044. What is b(-39)?
-725
Let m(s) = 71*s**2 + 14278*s + 865. Give m(-201).
-542
Let r(f) = -56*f + 2060. What is r(30)?
380
Let m(k) = -16*k**2 + 156*k - 170. Determine m(9).
-62
Let z(m) = 31*m**2 - 2320*m + 2319. What is z(1)?
30
Let x(r) = 11*r**2 - 965*r - 1514. Give x(89).
-268
Let p(j) = -j**3 - 23*j**2 + 361*j + 120. Determine p(11).
-23
Let r(x) = -23*x**2 - 1272*x - 10662. Calculate r(-45).
3
Let d(p) = -2*p**2 + 884*p + 173165. Give d(-147).
-1
Let b(r) = 19*r**2 + 383*r - 21. Determine b(-20).
-81
Let j(y) = -y**2 - 264*y + 1047. What is j(4)?
-25
Let p(v) = 36130*v - 252912. Calculate p(7).
-2
Let s(r) = 151*r + 74211. Determine s(-491).
70
Let y(n) = 2*n**2 - 740*n + 13338. Give y(18).
666
Let m(n) = -27*n**2 - 380*n + 1154. Determine m(-18).
-754
Let t(y) = 4387*y + 662479. Calculate t(-151).
42
Let k(p) = -12*p**3 + 2*p**2 + 46573*p - 46573. Give k(1).
-10
Let d(z) = -2497*z**2 + 17453*z + 17. Calculate d(7).
-165
Let o(m) = m**3 + 114*m**2 - 1667*m - 127587. Determine o(-119).
-19
Let w(h) = -6*h**3 + 2*h**2 - 101*h + 99. Calculate w(1).
-6
Let g(v) = -916*v + 13741. Determine g(15).
1
Let i(g) = -1072*g + 12202. Determine i(9).
2554
Let i(q) = -q**2 + 667*q - 37518. What is i(62)?
-8
Let o(a) = 26894*a - 484066. Give o(18).
26
Let o(a) = -4641*a**2 - 13946*a - 66. Determine o(-3).
3
Let c(d) = -41009*d + 1722359. Determine c(42).
-19
Let d(m) = -38811*m + 2716762. Give d(70).
-8
Let s(d) = 3*d**2 - 998*d - 2972. Give s(-3).
49
Let x(c) = -2*c**2 - 240*c - 1811. Determine x(-7).
-229
Let c(h) = -h**3 + 23*h**2 + 646*h - 15058. Determine c(25).
-158
Let o(t) = 3*t**3 - 81*t**2 + 10*t - 116. Determine o(27).
154
Let b(v) = 2*v**2 - 231*v + 2167. What is b(10)?
57
Let u(s) = 168*s**3 - 3*s - 5. Calculate u(-2).
-1343
Let h(b) = 99*b + 321. Determine h(-24).
-2055
Let u(z) = -z**2 + 28*z + 658. Give u(42).
70
Let d(f) = f**3 + 20*f**2 + 132*f + 151. Determine d(-11).
-212
Let o(q) = -209*q - 5328. Give o(-26).
106
Let n(c) = 3*c**2 + 117*c + 1727. Determine n(-14).
677
Let i(o) = 2*o**3 + 78*o**2 + 83*o + 160. Determine i(-38).
-106
Let d(y) = -4934*y**2 - 927592*y - 5. Calculate d(-188).
-5
Let g(s) = -s**2 - 4835*s + 204834. Determine g(42).
0
Let i(q) = -q**3 - 14*q**2 - 4002*q - 51825. Determine i(-13).
32
Let i(j) = j**3 + 9*j**2 - 22*j - 74. Determine i(4).
46
Let n(v) = -141*v + 37584. What is n(267)?
-63
Let m(b) = 2*b**2 + 862*b - 274388. Give m(-644).
-44
Let u(f) = 17*f**2 - 1180*f + 4782. What is u(65)?
-93
Let n(r) = -158*r - 624. Calculate n(-11).
1114
Let w(a) = -2*a**2 - 492*a - 5675. What is w(-234)?
-59
Let x(n) = -13*n**2 - 11900*n + 55206. Calculate x(-920).
6
Let v(a) = 6200*a - 49413. Give v(8).
187
Let o(r) = 2*r**2 + 83700*r - 2345173. Determine o(28).
-5
Let q(h) = 59609*h + 297141. Give q(-5).
-904
Let d(z) = -z**2 + 470*z - 31515. Give d(389).
-6
Let j(d) = 6*d**2 - 139*d + 352. Determine j(23).
329
Let y(v) = -v**3 + 21*v**2 - 136*v + 269. What is y(4)?
-3
Let c(a) = 13*a**2 - 331*a - 1053. What is c(28)?
-129
Let k(i) = 10*i**3 + 26*i + 30. Calculate k(-4).
-714
Let a(u) = 2*u**3 + 117*u**2 - 5216*u + 10415. What is a(28)?
-1
Let t(h) = -45431*h - 45424. Determine t(-1).
7
Let v(o) = -30992*o + 247930. Determine v(8).
-6
Let v(i) = i**2 - 216*i - 3968. What is v(-17)?
-7
Let z(c) = 2*c**2 + 488*c + 4262. Calculate z(-9).
32
Let n(i) = 3876*i - 147287. What is n(38)?
1
Let n(x) = -x**3 - 50*x**2 + 142*x - 1205. What is n(-53)?
-304
Let s(f) = f**3 - 5*f**2 - 215*f - 209. What is s(18)?
133
Let c(a) = -3*a**3 + 725*a**2 + 31251*a - 833. What is c(279)?
4
Let b(u) = 53*u**2 - 148*u - 627. What is b(-4)?
813
Let p(t) = -t**2 + 6441*t + 25822. Calculate p(-4).
42
Let x(r) = -9106*r - 25842. Give x(-3).
1476
Let k(d) = -189*d**2 - 1289*d + 186. What is k(-7)?
-52
Let q(b) = 1471*b**2 + 257*b - 257. Give q(1).
1471
Let x(z) = 2*z**3 - 36*z**2 - 4070*z + 30. Determine x(-37).
30
Let r(c) = 93236*c - 466172. Determine r(5).
8
Let z(i) = 1156*i + 280910. Calculate z(-243).
2
Let b(q) = 48*q**2 - 37*q - 1015. Calculate b(5).
0
Let p(i) = -2*i**2 - 274*i - 2738. Determine p(-14).
706
Let m(c) = -c**3 - 291*c**2 - 11775*c - 26999. What is m(-243)?
-26
Let d(m) = m**3 - 33*m**2 + 223*m + 109. Give d(23).
-52
Let v(f) = -12133*f - 109222. Give v(-9).
-25
Let v(a) = 3*a**3 + 4926*a**2 + 68378*a + 44. Calculate v(-14).
16
Let z(h) = -h**3 + 85*h**2 - 1419*h - 436. Give z(62).
-2
Let s(a) = 63545*a - 253941. What is s(4)?
239
Let i(a) = a**2 + 134*a + 3602. Give i(-36).
74
Let u(q) = -q**2 + 930*q + 3034586. What is u(-1338)?
2
Let j(d) = 522*d + 37877. Give j(-72).
293
Let o(w) = 4279*w**3 - 8569*w**2 + 16*w + 9. Determine o(2).
-3
Let p(n) = 11*n**2 - 244*n - 34504. Give p(-46).
-4
Let p(a) = 509*a + 49070. What is p(-97)?
-303
Let q(x) = 6*x**2 + 3*x + 201. Calculate q(-12).
1029
Let l(w) = w**3 + 17*w**2 + 16*w - 18. Calculate l(-4).
126
Let v(s) = 3*s**3 + 10*s**2 + 3*s - 174. Calculate v(4).
190
Let c(q) = -378*q + 73729. Calculate c(195).
19
Let h(f) = -f**2 + 58*f + 196. Calculate h(48).
676
Let b(l) = 35*l**2 + 300*l - 511. Determine b(-10).
-11
Let n(f) = -15*f**3 - 454*f**2 + 318*f + 134. Determine n(1).
-17
Let h(p) = 358*p**2 + 15*p + 30. Calculate h(-3).
3207
Let s(n) = -984*n - 291257. Determine s(-296).
7
Let w(b) = 160*b + 1455. What is w(-9)?
15
Let p(h) = 229*h + 1641. What is p(-3)?
954
Let c(m) = -22*m**3 - 36*m**2 + 210*m + 66. Calculate c(5).
-2534
Let t(k) = -44*k**2 + 12530*k + 132756. Calculate t(295).
6
Let n(i) = 48*i**2 - 383*i + 229. Give n(8).
237
Let d(w) = 43483*w + 1782804. What is d(-41)?
1
Let x(b) = b**3 + 28*b**2 + 67*b - 411. Determine x(-25).
-211
Let y(u) = -u**3 - 781*u**2 + 22649*u + 161. Calculate y(28).
77
Let l(k) = -13*k**3 + 326*k**2 - 231*k + 5076. Give l(25).
-74
Let i(t) = 88*t + 8448. Calculate i(-89).
616
Let h(j) = -12*j**3 + 15*j**2 - 917*j + 1827. Calculate h(2).
-43
Let q(s) = 7409656*s - 14819311. What is q(2)?
1
Let t(l) = 6165*l + 2706403. Determine t(-439).
-32
Let k(b) = 1111*b**2 + 81102*b - 100. Give k(-73).
-27
Let r(n) = -17306*n + 51911. Give r(3).
-7
Let u(w) = 9*w + 873. Determine u(26).
1107
Let f(r) = r**2 - 235*r - 1554. Determine f(-6).
-108
Let t(q) = -q**3 + 16*q**2 - 8*q + 206. Calculate t(16).
78
Let g(v) = 3*v**3 + 73*v**2 + 95*v + 2458. What is g(-25)?
-1167
Let